{"id":355,"date":"2023-12-08T16:10:50","date_gmt":"2023-12-08T15:10:50","guid":{"rendered":"http:\/\/defilenimages.fr\/?page_id=355"},"modified":"2023-12-08T16:22:38","modified_gmt":"2023-12-08T15:22:38","slug":"nouvaute","status":"publish","type":"page","link":"http:\/\/defilenimages.fr\/index.php\/nouvaute\/","title":{"rendered":"NOUVAUT\u00c9 2024 !"},"content":{"rendered":"\n<p class=\"has-large-font-size\"><strong>Atelier POP UP ! <\/strong><\/p>\n\n\n\n<p>L\u2019atelier POP UP ! est un cours d\u2019initiation \u00e0 la technique du papier d\u00e9coup\u00e9.<\/p>\n\n\n\n<p>Bas\u00e9 sur l\u2019outil \u00abLa Valise Anim\u00e9e\u00bb, les participants auront le choix entre 8 d\u00e9cors repr\u00e9sentants du grands paysages :<\/p>\n\n\n\n<ul class=\"wp-block-list\">\n<li>20 000 lieues sous les mers <\/li>\n\n\n\n<li>Historique (moyen \u00e2ge, chevaliers et dragons)<\/li>\n\n\n\n<li>Science-fiction (ann\u00e9es 80)<\/li>\n\n\n\n<li>Horreur (bas\u00e9 sur Escher)<\/li>\n\n\n\n<li>1001 nuits<\/li>\n\n\n\n<li>Super-H\u00e9ros (paysage urbain)*<\/li>\n\n\n\n<li>Western <\/li>\n\n\n\n<li>Japon<\/li>\n<\/ul>\n\n\n\n<p>L&rsquo;association apporte l&rsquo;int\u00e9gralit\u00e9 des plateaux de tournages composant ainsi jusqu\u2019\u00e0 8 groupes de 4 \u00e9l\u00e8ves (32 participants maximum) en simultan\u00e9s durant 2h de temps d\u2019activit\u00e9. Venez d\u00e9couvrir le r\u00e9sultat de la technique du papier d\u00e9coup\u00e9 avec nos vid\u00e9os <a href=\"https:\/\/www.youtube.com\/watch?v=PxWk7-6nStk&amp;t=277s\" target=\"_blank\" rel=\"noreferrer noopener\">YouTube<\/a>.<\/p>\n\n\n\n<div class=\"wp-block-columns is-layout-flex wp-container-core-columns-is-layout-9d6595d7 wp-block-columns-is-layout-flex\">\n<div class=\"wp-block-column is-layout-flow wp-block-column-is-layout-flow\" style=\"flex-basis:100%\">\n<figure class=\"wp-block-gallery has-nested-images columns-default is-cropped wp-block-gallery-1 is-layout-flex wp-block-gallery-is-layout-flex\">\n<figure class=\"wp-block-image size-large\"><img loading=\"lazy\" decoding=\"async\" width=\"966\" height=\"535\" data-id=\"365\" src=\"http:\/\/defilenimages.fr\/wp-content\/uploads\/2023\/12\/pop-up1.png\" alt=\"\" class=\"wp-image-365\" srcset=\"http:\/\/defilenimages.fr\/wp-content\/uploads\/2023\/12\/pop-up1.png 966w, http:\/\/defilenimages.fr\/wp-content\/uploads\/2023\/12\/pop-up1-300x166.png 300w, http:\/\/defilenimages.fr\/wp-content\/uploads\/2023\/12\/pop-up1-768x425.png 768w\" sizes=\"auto, (max-width: 966px) 100vw, 966px\" \/><\/figure>\n\n\n\n<figure class=\"wp-block-image size-large\"><img loading=\"lazy\" decoding=\"async\" width=\"905\" height=\"507\" data-id=\"366\" src=\"http:\/\/defilenimages.fr\/wp-content\/uploads\/2023\/12\/pop-up-2.png\" alt=\"\" class=\"wp-image-366\" srcset=\"http:\/\/defilenimages.fr\/wp-content\/uploads\/2023\/12\/pop-up-2.png 905w, http:\/\/defilenimages.fr\/wp-content\/uploads\/2023\/12\/pop-up-2-300x168.png 300w, http:\/\/defilenimages.fr\/wp-content\/uploads\/2023\/12\/pop-up-2-768x430.png 768w\" sizes=\"auto, (max-width: 905px) 100vw, 905px\" \/><\/figure>\n<\/figure>\n<\/div>\n<\/div>\n\n\n\n<p><\/p>\n\n\n\n<p class=\"has-large-font-size\"><strong>Atelier Peinture Anim\u00e9e<\/strong><\/p>\n\n\n\n<p>Avez-vous d\u00e9j\u00e0 entendu parler de la peinture anim\u00e9e ? Le principe de l\u2019animation \u00e0 la peinture est de tracer les dessins directement dans la mati\u00e8re, directement sous la cam\u00e9ra. Aujourd\u2019hui, de nombreux r\u00e9alisateurs reviennent \u00e0 cette technique comme \u00ab La Travers\u00e9e \u00bb de Florence Miailhe. Lors de cet atelier pratique, les \u00e9l\u00e8ves seront amen\u00e9s \u00e0 pratiquer l&rsquo;animation en peinture anim\u00e9e sur plaque de plexiglass avec de la gouache (peinture \u00e0 eau). Un dispositif de 8 plateaux de tournages, pour un maximum de 32 participants en simultan\u00e9s durant 2h de temps d\u2019activit\u00e9.<\/p>\n\n\n\n<p>Venez d\u00e9couvrir le r\u00e9sultat de la technique du papier d\u00e9coup\u00e9 avec nos vid\u00e9os <a href=\"https:\/\/www.youtube.com\/watch?v=1dOU7hkjnFQ&amp;t=53s\" target=\"_blank\" rel=\"noreferrer noopener\">YouTube<\/a>.<\/p>\n\n\n\n<figure class=\"wp-block-gallery has-nested-images columns-default is-cropped wp-block-gallery-2 is-layout-flex wp-block-gallery-is-layout-flex\">\n<figure class=\"wp-block-image size-large\"><img loading=\"lazy\" decoding=\"async\" width=\"1024\" height=\"531\" data-id=\"361\" src=\"http:\/\/defilenimages.fr\/wp-content\/uploads\/2023\/12\/peinture-animee-1024x531.png\" alt=\"\" class=\"wp-image-361\" srcset=\"http:\/\/defilenimages.fr\/wp-content\/uploads\/2023\/12\/peinture-animee-1024x531.png 1024w, http:\/\/defilenimages.fr\/wp-content\/uploads\/2023\/12\/peinture-animee-300x155.png 300w, http:\/\/defilenimages.fr\/wp-content\/uploads\/2023\/12\/peinture-animee-768x398.png 768w, http:\/\/defilenimages.fr\/wp-content\/uploads\/2023\/12\/peinture-animee-1536x796.png 1536w, http:\/\/defilenimages.fr\/wp-content\/uploads\/2023\/12\/peinture-animee.png 1557w\" sizes=\"auto, (max-width: 1024px) 100vw, 1024px\" \/><\/figure>\n<\/figure>\n\n\n\n<figure class=\"wp-block-gallery has-nested-images columns-default is-cropped wp-block-gallery-3 is-layout-flex wp-block-gallery-is-layout-flex\"><\/figure>\n","protected":false},"excerpt":{"rendered":"<p>Atelier POP UP ! L\u2019atelier POP UP ! est un cours d\u2019initiation \u00e0 la technique du papier d\u00e9coup\u00e9. Bas\u00e9 sur l\u2019outil \u00abLa Valise Anim\u00e9e\u00bb, les participants auront le choix entre 8 d\u00e9cors repr\u00e9sentants du grands<span class=\"more-button\"><a href=\"http:\/\/defilenimages.fr\/index.php\/nouvaute\/\" class=\"more-link\">Lire la suite<span class=\"screen-reader-text\">NOUVAUT\u00c9 2024 !<\/span><i class=\"fa fa-angle-right\" aria-hidden=\"true\"><\/i><\/a><\/span><\/p>\n","protected":false},"author":1,"featured_media":0,"parent":0,"menu_order":0,"comment_status":"closed","ping_status":"closed","template":"","meta":{"footnotes":""},"class_list":["post-355","page","type-page","status-publish","hentry"],"_links":{"self":[{"href":"http:\/\/defilenimages.fr\/index.php\/wp-json\/wp\/v2\/pages\/355","targetHints":{"allow":["GET"]}}],"collection":[{"href":"http:\/\/defilenimages.fr\/index.php\/wp-json\/wp\/v2\/pages"}],"about":[{"href":"http:\/\/defilenimages.fr\/index.php\/wp-json\/wp\/v2\/types\/page"}],"author":[{"embeddable":true,"href":"http:\/\/defilenimages.fr\/index.php\/wp-json\/wp\/v2\/users\/1"}],"replies":[{"embeddable":true,"href":"http:\/\/defilenimages.fr\/index.php\/wp-json\/wp\/v2\/comments?post=355"}],"version-history":[{"count":6,"href":"http:\/\/defilenimages.fr\/index.php\/wp-json\/wp\/v2\/pages\/355\/revisions"}],"predecessor-version":[{"id":368,"href":"http:\/\/defilenimages.fr\/index.php\/wp-json\/wp\/v2\/pages\/355\/revisions\/368"}],"wp:attachment":[{"href":"http:\/\/defilenimages.fr\/index.php\/wp-json\/wp\/v2\/media?parent=355"}],"curies":[{"name":"wp","href":"https:\/\/api.w.org\/{rel}","templated":true}]}}