{"id":43,"date":"2023-10-06T16:31:15","date_gmt":"2023-10-06T14:31:15","guid":{"rendered":"http:\/\/truhogf.cluster028.hosting.ovh.net\/?page_id=43"},"modified":"2023-12-08T13:05:01","modified_gmt":"2023-12-08T12:05:01","slug":"qui-sommes-nous","status":"publish","type":"page","link":"http:\/\/defilenimages.fr\/index.php\/qui-sommes-nous\/","title":{"rendered":"Qui sommes nous ?"},"content":{"rendered":"\n<p><\/p>\n\n\n\n<p>Le studio <strong>De Fil en Images<\/strong> est une association loi 1901 cr\u00e9\u00e9e le 2 janvier 2014.<br>Elle a pour but d\u2019enseigner le cin\u00e9ma d\u2019animation traditionnelle aupr\u00e8s d\u2019\u00e9tablissements scolaires et extrascolaires.<\/p>\n\n\n\n<p>Sa seconde fonction, en qualit\u00e9 de studio d\u2019animation, est de promouvoir la r\u00e9alisation de projets professionnels dans le domaine de l\u2019audiovisuel, tel que des clips vid\u00e9o, des logos, des vid\u00e9os de communications, des s\u00e9ries, des vid\u00e9os pour spectacles vivant, des teasers\u2026<\/p>\n\n\n\n<p>L\u2019association <strong>De Fil en Images<\/strong> fait appel \u00e0 des intervenants, agr\u00e9\u00e9s par l\u2019Education Nationale.<\/p>\n\n\n\n<p><strong>Pr\u00e9sident<\/strong><br>Michel RIBAULT<\/p>\n\n\n\n<p><strong>Tr\u00e9sori<\/strong>er<br>Blaise Miqueau<\/p>\n\n\n\n<p><strong>Secr\u00e9taire<\/strong><br>Hadrien Camus<\/p>\n\n\n\n<p><strong>Intervenante Bleu\u00f1venn Conan<\/strong><br>Pr\u00e9pa Ecole Pivot, BTS Audiovisuelle, Beaux-Arts du Mans.<br>Intervient avec l\u2019association depuis 2018 aupr\u00e8s de projets scolaires et extrascolaires, ainsi qu\u2019aupr\u00e8s d\u2019enfants ayant divers handicaps.<\/p>\n\n\n\n<p><strong>Intervenante Alice RIBAULT<\/strong><br>Dipl\u00f4m\u00e9e d\u2019un DNAP des Beaux-Arts du Mans. Fondatrice de l&rsquo;association<br>Intervient avec l\u2019association depuis son lancement en 2014, aupr\u00e8s de projets scolaires et extrascolaires, ainsi qu\u2019aupr\u00e8s d\u2019enfants ayant divers handicaps.<\/p>\n\n\n\n<p><em>*Animation traditionnelle : M\u00e9thode consistant \u00e0 prendre en photo des dessins ou des marionnettes, qui apr\u00e8s d\u00e9filement image par image reproduiront le mouvement sur l\u2019\u00e9cran.<\/em><\/p>\n","protected":false},"excerpt":{"rendered":"<p>Le studio De Fil en Images est une association loi 1901 cr\u00e9\u00e9e le 2 janvier 2014.Elle a pour but d\u2019enseigner le cin\u00e9ma d\u2019animation traditionnelle aupr\u00e8s d\u2019\u00e9tablissements scolaires et extrascolaires. Sa seconde fonction, en qualit\u00e9 de<span class=\"more-button\"><a href=\"http:\/\/defilenimages.fr\/index.php\/qui-sommes-nous\/\" class=\"more-link\">Lire la suite<span class=\"screen-reader-text\">Qui sommes nous ?<\/span><i class=\"fa fa-angle-right\" aria-hidden=\"true\"><\/i><\/a><\/span><\/p>\n","protected":false},"author":1,"featured_media":0,"parent":0,"menu_order":0,"comment_status":"closed","ping_status":"closed","template":"","meta":{"footnotes":""},"class_list":["post-43","page","type-page","status-publish","hentry"],"_links":{"self":[{"href":"http:\/\/defilenimages.fr\/index.php\/wp-json\/wp\/v2\/pages\/43","targetHints":{"allow":["GET"]}}],"collection":[{"href":"http:\/\/defilenimages.fr\/index.php\/wp-json\/wp\/v2\/pages"}],"about":[{"href":"http:\/\/defilenimages.fr\/index.php\/wp-json\/wp\/v2\/types\/page"}],"author":[{"embeddable":true,"href":"http:\/\/defilenimages.fr\/index.php\/wp-json\/wp\/v2\/users\/1"}],"replies":[{"embeddable":true,"href":"http:\/\/defilenimages.fr\/index.php\/wp-json\/wp\/v2\/comments?post=43"}],"version-history":[{"count":8,"href":"http:\/\/defilenimages.fr\/index.php\/wp-json\/wp\/v2\/pages\/43\/revisions"}],"predecessor-version":[{"id":279,"href":"http:\/\/defilenimages.fr\/index.php\/wp-json\/wp\/v2\/pages\/43\/revisions\/279"}],"wp:attachment":[{"href":"http:\/\/defilenimages.fr\/index.php\/wp-json\/wp\/v2\/media?parent=43"}],"curies":[{"name":"wp","href":"https:\/\/api.w.org\/{rel}","templated":true}]}}