{"id":61,"date":"2023-10-06T16:33:46","date_gmt":"2023-10-06T14:33:46","guid":{"rendered":"http:\/\/truhogf.cluster028.hosting.ovh.net\/?page_id=61"},"modified":"2023-12-08T15:43:24","modified_gmt":"2023-12-08T14:43:24","slug":"cours-theoriques","status":"publish","type":"page","link":"http:\/\/defilenimages.fr\/index.php\/cours-theoriques\/","title":{"rendered":"Cours Th\u00e9oriques"},"content":{"rendered":"\n<p>\u2013 <strong>Le son au cin\u00e9ma (2h) :<\/strong> Voir de mani\u00e8re ludique l\u2019histoire de la cr\u00e9ation sonore dans le cin\u00e9ma d\u2019animation (du muet \u00e0 aujourd\u2019hui) \u00e0 travers les diff\u00e9rentes \u00e9poques (de <em>Pauvre Pierrot<\/em> \u2013 d\u2019Emile Reynaud en passant par<em>\u00a0Les Temps Modernes<\/em> de Charlie Chaplin<em>,\u00a0<\/em>au dessin anim\u00e9<em>\u00a0Le vent se l\u00e8ve<\/em> de Hayao Miyazaki). D\u00e9couvrir comment et pourquoi \u00e0 \u00e9t\u00e9 cr\u00e9er les technologies permettant le doublage, le bruitage et la musique dans le cin\u00e9ma.<\/p>\n\n\n\n<p><br>\u2013 <strong>Analyse cin\u00e9matographique (2h) : <\/strong>Apprendre la relation entre l\u2019image et le son au travers d\u2019extraits de films d\u2019animation, d\u00e9couvrir les films avec un autre \u0153il, \u00ab\u00a0l\u2019\u0153il de la cam\u00e9ra\u00a0\u00bb, mais aussi \u00e0 \u00ab\u00a0les \u00e9couter\u00a0\u00bb. D\u00e9couvrir le vocabulaire cin\u00e9matographique et sonore \u00e0 travers les bruitages (in ou hors-champ), les dialogues (off ou over) la musique (de fosse et d\u2019\u00e9cran)\u2026<\/p>\n\n\n\n<p><br><em><strong>\u2013<\/strong><\/em><strong> Histoire du cin\u00e9ma d\u2019animation (2h) :<\/strong> Parcourir l\u2019histoire du cin\u00e9ma d\u2019animation et ces diff\u00e9rentes techniques au travers des extraits de films. Des origines de la pr\u00e9histoire, en passant par les lanternes magiques \u00e0 aujourd\u2019hui, comment le cin\u00e9ma d\u2019animation est arriv\u00e9 sur nos \u00e9crans et garde encore aujourd\u2019hui une place si particuli\u00e8re dans le 7\u00e9me Art. Mais \u00e9galement r\u00e9ussir \u00e0 diff\u00e9rencier les diff\u00e9rentes techniques d\u2019animation (p\u00e2te-\u00e0-modeler, cut-out ou papier d\u00e9coup\u00e9 , stop-motion, peinture, ordinateur\u2026) et savoir faire la diff\u00e9rence entre un \u00ab\u00a0dessin anim\u00e9\u00a0\u00bb et un \u00ab\u00a0film d\u2019animation\u00a0\u00bb.<\/p>\n\n\n\n<p><br>\u2013\u00a0<strong>Comment faire un film d\u2019animation (2h):<\/strong> Apr\u00e8s avoir pr\u00e9sent\u00e9 le cin\u00e9ma d\u2019animation et ces nombreuses techniques, le cours se focalisera sur la cr\u00e9ation d\u2019un film d\u2019animation au travers le visionnage de nombreux making-of des films tels que : <em>L\u2019\u00e9trange No\u00ebl de Monsieur Jack<\/em>\u00a0(pour la technique de stop-motion),\u00a0<em>La Passion Van Gogh<\/em> (pour la technique de peinture anim\u00e9e), les films des studios <a href=\"https:\/\/www.laika.com\/\" target=\"_blank\" rel=\"noreferrer noopener\">La\u00efka<\/a> et <a href=\"https:\/\/www.aardman.com\/\" target=\"_blank\" rel=\"noreferrer noopener\">Aardman<\/a> et bien d\u2019autres.<\/p>\n\n\n\n<hr class=\"wp-block-separator has-alpha-channel-opacity\"\/>\n\n\n\n<p>Ce projet peut \u00eatre inscrit dans le dispositif \u00ab\u00a0<a href=\"https:\/\/www.cnc.fr\/cinema\/education-a-l-image\/college-au-cinema\" target=\"_blank\" rel=\"noreferrer noopener\">Coll\u00e8ge au Cin\u00e9ma<\/a>\u00a0\u00bb et \u00ab<a href=\"https:\/\/www.cnc.fr\/cinema\/education-a-l-image\/lyceens-et-apprentis-au-cinema\" target=\"_blank\" rel=\"noreferrer noopener\">\u00a0Lyc\u00e9ens et apprentis au cin\u00e9ma<\/a>\u00a0\u00bb.<\/p>\n\n\n\n<p>Dispositif national d\u2019\u00e9ducation artistique au cin\u00e9ma soutenu \u00e0 la fois par le CNC (Centre National du cin\u00e9ma et de l\u2019image anim\u00e9e), mis en place par <a href=\"http:\/\/defilenimages.fr\/index.php\/partenaires\/\" target=\"_blank\" rel=\"noreferrer noopener\">nos partenaires<\/a>.<\/p>\n","protected":false},"excerpt":{"rendered":"<p>\u2013 Le son au cin\u00e9ma (2h) : Voir de mani\u00e8re ludique l\u2019histoire de la cr\u00e9ation sonore dans le cin\u00e9ma d\u2019animation (du muet \u00e0 aujourd\u2019hui) \u00e0 travers les diff\u00e9rentes \u00e9poques (de Pauvre Pierrot \u2013 d\u2019Emile Reynaud<span class=\"more-button\"><a href=\"http:\/\/defilenimages.fr\/index.php\/cours-theoriques\/\" class=\"more-link\">Lire la suite<span class=\"screen-reader-text\">Cours Th\u00e9oriques<\/span><i class=\"fa fa-angle-right\" aria-hidden=\"true\"><\/i><\/a><\/span><\/p>\n","protected":false},"author":1,"featured_media":0,"parent":0,"menu_order":0,"comment_status":"closed","ping_status":"closed","template":"","meta":{"footnotes":""},"class_list":["post-61","page","type-page","status-publish","hentry"],"_links":{"self":[{"href":"http:\/\/defilenimages.fr\/index.php\/wp-json\/wp\/v2\/pages\/61","targetHints":{"allow":["GET"]}}],"collection":[{"href":"http:\/\/defilenimages.fr\/index.php\/wp-json\/wp\/v2\/pages"}],"about":[{"href":"http:\/\/defilenimages.fr\/index.php\/wp-json\/wp\/v2\/types\/page"}],"author":[{"embeddable":true,"href":"http:\/\/defilenimages.fr\/index.php\/wp-json\/wp\/v2\/users\/1"}],"replies":[{"embeddable":true,"href":"http:\/\/defilenimages.fr\/index.php\/wp-json\/wp\/v2\/comments?post=61"}],"version-history":[{"count":4,"href":"http:\/\/defilenimages.fr\/index.php\/wp-json\/wp\/v2\/pages\/61\/revisions"}],"predecessor-version":[{"id":338,"href":"http:\/\/defilenimages.fr\/index.php\/wp-json\/wp\/v2\/pages\/61\/revisions\/338"}],"wp:attachment":[{"href":"http:\/\/defilenimages.fr\/index.php\/wp-json\/wp\/v2\/media?parent=61"}],"curies":[{"name":"wp","href":"https:\/\/api.w.org\/{rel}","templated":true}]}}